hat is the highest common factor of 78056 and 29320?
8
What is the greatest common divisor of 1335 and 2574535485?
1335
What is the greatest common factor of 51325 and 925?
25
Calculate the greatest common factor of 11853 and 115641.
27
What is the greatest common divisor of 23693574 and 72?
6
What is the highest common divisor of 14150 and 321575?
25
What is the greatest common divisor of 8763 and 32644080?
381
Calculate the highest common factor of 123521944 and 490.
98
Calculate the highest common divisor of 1937797 and 534.
89
Calculate the highest common factor of 55643142 and 114.
6
Calculate the greatest common divisor of 11151 and 1696604.
413
Calculate the greatest common factor of 1505580 and 265305.
345
What is the highest common divisor of 216678 and 451374?
462
Calculate the greatest common factor of 2191296 and 432.
48
Calculate the greatest common factor of 451773 and 213.
213
What is the greatest common divisor of 45 and 21138885?
45
Calculate the greatest common divisor of 20074707 and 9.
9
Calculate the greatest common factor of 7731 and 3045.
3
Calculate the greatest common factor of 2368 and 1971776.
64
What is the highest common divisor of 187312 and 4198512?
368
What is the highest common divisor of 22416897 and 64770?
6477
What is the highest common factor of 15024 and 27521464?
2504
What is the greatest common divisor of 190632 and 2540408?
1352
What is the highest common divisor of 1909734 and 3630?
6
Calculate the greatest common factor of 1951768 and 2639.
91
What is the highest common factor of 250 and 5119350?
50
What is the highest common factor of 9640150 and 650?
650
What is the highest common factor of 20238678 and 18?
18
What is the greatest common factor of 7308927 and 135?
27
What is the greatest common divisor of 14679215 and 267?
89
Calculate the greatest common divisor of 193568 and 260912.
368
Calculate the greatest common factor of 39 and 154457745.
39
Calculate the highest common factor of 1577 and 213275.
19
Calculate the greatest common divisor of 169 and 17589403.
13
What is the greatest common divisor of 29232 and 242643?
87
Calculate the greatest common divisor of 8697 and 6333.
3
Calculate the greatest common divisor of 25720464 and 165.
33
What is the greatest common divisor of 106227 and 5126330?
319
What is the greatest common factor of 15988291 and 19976?
2497
Calculate the greatest common factor of 482195 and 28175.
805
Calculate the highest common divisor of 814 and 94831.
407
Calculate the greatest common divisor of 129610 and 179530.
130
What is the highest common factor of 79816 and 741926?
1814
Calculate the highest common divisor of 58 and 208652042.
58
What is the highest common factor of 295754 and 436753?
3439
What is the highest common divisor of 29342687 and 2277?
253
What is the greatest common factor of 62726659 and 6918?
1153
What is the highest common factor of 102926 and 34132?
106
What is the greatest common divisor of 218720 and 8160?
160
Calculate the highest common factor of 2703 and 24394371.
51
Calculate the highest common factor of 17739936 and 2852.
124
Calculate the greatest common divisor of 36516 and 55964.
68
Calculate the highest common factor of 453 and 5015859.
3
What is the greatest common divisor of 5569347 and 21?
21
What is the highest common divisor of 832 and 343897216?
832
What is the greatest common factor of 122 and 11877737?
61
What is the greatest common factor of 296984856 and 168?
168
Calculate the greatest common factor of 15100899 and 33194.
2371
What is the highest common factor of 4 and 1374083?
1
What is the highest common divisor of 3701456 and 1104?
16
What is the highest common factor of 4135 and 224825?
5
Calculate the highest common factor of 1369566 and 74646.
198
Calculate the highest common divisor of 6171460 and 40.
20
Calculate the greatest common divisor of 15548 and 200876.
52
What is the greatest common divisor of 1594911793 and 23?
23
Calculate the greatest common factor of 1639062 and 121920.
762
What is the highest common factor of 25580302 and 22?
22
What is the greatest common factor of 302 and 15953603?
151
What is the highest common factor of 55 and 772607?
11
Calculate the greatest common divisor of 40775497 and 53.
53
Calculate the highest common divisor of 31066586 and 636.
106
Calculate the greatest common divisor of 43158612 and 6.
6
What is the highest common factor of 1554916 and 5753?
11
Calculate the greatest common factor of 4203 and 2759355.
9
Calculate the greatest common factor of 2834517 and 462336.
903
Calculate the highest common factor of 3120 and 834340.
260
Calculate the highest common divisor of 16185 and 8607930.
1245
What is the greatest common factor of 129951 and 789?
3
Calculate the highest common divisor of 4928 and 547550080.
4928
What is the greatest common divisor of 210 and 44390370?
30
Calculate the highest common factor of 19086246 and 396.
18
Calculate the highest common divisor of 1217096 and 52104.
1336
Calculate the greatest common divisor of 4493364 and 36.
12
Calculate the greatest common factor of 2348788 and 3978.
442
What is the highest common divisor of 1079 and 42526003?
13
Calculate the highest common divisor of 200 and 714475.
25
What is the greatest common divisor of 40365765 and 11?
11
Calculate the greatest common factor of 8369748 and 696.
348
Calculate the highest common divisor of 1780 and 315347915.
445
Calculate the greatest common divisor of 10512 and 1729732080.
3504
Calculate the greatest common factor of 137728 and 224768.
512
Calculate the highest common factor of 117760 and 731216.
368
What is the greatest common factor of 985416 and 876?
12
Calculate the highest common divisor of 21068 and 10994748.
916
What is the highest common factor of 5580 and 9270?
90
What is the greatest common divisor of 3794908 and 891917?
5681
What is the greatest common factor of 1402585 and 9860?
2465
Calculate the highest common factor of 1039519431 and 3933.
3933
Calculate the highest common factor of 57 and 668124987.
57
Calculate the greatest common factor of 14351436 and 102.
6
Calculate the greatest common divisor of 26198656 and 132.
44
Calculate the greatest common factor of 23418532 and 304.
4
Calculate the highest common factor of 2637481 and 1001.
77
What is the greatest common divisor of 3276 and 2702448?
252
What is the highest common divisor of 186 and 59361807?
93
Calculate the greatest common divisor of 2018 and 96846.
2
Calculate the highest common divisor of 8215 and 570545.
265
Calculate the greatest common divisor of 121 and 107536.
11
Calculate the greatest common factor of 42481846 and 121.
11
Calculate the greatest common factor of 1714710 and 3965.
305
What is the greatest common divisor of 111645950 and 5200?
650
Calculate the greatest common divisor of 1204 and 10463448.
172
What is the highest common divisor of 391296 and 1920?
384
What is the greatest common divisor of 14208521 and 3569?
83
Calculate the highest common divisor of 469 and 4804637.
67
Calculate the highest common factor of 1221 and 8769629.
407
Calculate the highest common divisor of 340 and 41001365.
85
Calculate the greatest common divisor of 5450 and 41450.
50
What is the highest common divisor of 9594 and 7181478?
738
What is the highest common divisor of 29022970 and 1410?
470
Calculate the highest common factor of 87614944 and 1280.
32
Calculate the greatest common divisor of 66432 and 213504.
384
Calculate the highest common divisor of 603875 and 5560481.
4831
What is the highest common factor of 6727 and 2426525?
961
Calculate the highest common divisor of 431880 and 71736.
1464
What is the highest common divisor of 625 and 942875?
125
What is the highest common factor of 978939 and 27144?
117
What is the greatest common factor of 193420625 and 1675?
1675
What is the highest common factor of 2704 and 355017?
13
Calculate the highest common factor of 58 and 19866566.
58
What is the greatest common divisor of 630 and 44502570?
630
What is the greatest common divisor of 405198 and 54?
18
Calculate the highest common factor of 89816623 and 13.
13
Calculate the greatest common factor of 19163245 and 6620.
1655
What is the highest common factor of 46043 and 88717?
1123
What is the greate